Last updated on 2025-10-31 13:51:00 CET.
| Flavor | Version | Tinstall | Tcheck | Ttotal | Status | Flags | 
|---|---|---|---|---|---|---|
| r-devel-linux-x86_64-debian-clang | 0.1.0 | 1.43 | 17.53 | 18.96 | NOTE | |
| r-devel-linux-x86_64-debian-gcc | 0.1.0 | 1.23 | 15.17 | 16.40 | NOTE | |
| r-devel-linux-x86_64-fedora-clang | 0.1.0 | 28.05 | OK | |||
| r-devel-linux-x86_64-fedora-gcc | 0.1.0 | 27.00 | OK | |||
| r-devel-windows-x86_64 | 0.1.0 | 3.00 | 33.00 | 36.00 | OK | |
| r-patched-linux-x86_64 | 0.1.0 | 1.61 | 16.34 | 17.95 | OK | |
| r-release-linux-x86_64 | 0.1.0 | 1.58 | 16.50 | 18.08 | OK | |
| r-release-macos-arm64 | 0.1.0 | 1.00 | 14.00 | 15.00 | OK | |
| r-release-macos-x86_64 | 0.1.0 | 1.00 | 26.00 | 27.00 | OK | |
| r-release-windows-x86_64 | 0.1.0 | 3.00 | 38.00 | 41.00 | OK | |
| r-oldrel-macos-arm64 | 0.1.0 | 1.00 | 11.00 | 12.00 | OK | |
| r-oldrel-macos-x86_64 | 0.1.0 | 2.00 | 20.00 | 22.00 | OK | |
| r-oldrel-windows-x86_64 | 0.1.0 | 2.00 | 34.00 | 36.00 | OK | 
Version: 0.1.0
Check: CRAN incoming feasibility
Result: NOTE
  Maintainer: ‘Mutua Kilai <kilaimutua@gmail.com>’
  
  No Authors@R field in DESCRIPTION.
  Please add one, modifying
    Authors@R: person(given = "Mutua",
                      family = "Kilai",
                      role = c("aut", "cre"),
                      email = "kilaimutua@gmail.com")
  as necessary.
Flavors: r-devel-linux-x86_64-debian-clang, r-devel-linux-x86_64-debian-gcc